45
What is the remainder when 1087 is divided by 14?
9
What is the remainder when 322 is divided by 38?
18
What is the remainder when 68 is divided by 46?
22
Calculate the remainder when 37 is divided by 5.
2
What is the remainder when 299 is divided by 62?
51
What is the remainder when 50 is divided by 4?
2
Calculate the remainder when 68 is divided by 7.
5
Calculate the remainder when 460 is divided by 22.
20
Calculate the remainder when 6305 is divided by 61.
22
What is the remainder when 2536 is divided by 285?
256
Calculate the remainder when 686 is divided by 136.
6
Calculate the remainder when 1218 is divided by 34.
28
What is the remainder when 220 is divided by 20?
0
Calculate the remainder when 547 is divided by 273.
1
What is the remainder when 915 is divided by 117?
96
Calculate the remainder when 74 is divided by 48.
26
What is the remainder when 1014 is divided by 112?
6
What is the remainder when 26 is divided by 13?
0
Calculate the remainder when 142 is divided by 138.
4
What is the remainder when 713 is divided by 119?
118
What is the remainder when 331 is divided by 26?
19
Calculate the remainder when 130 is divided by 93.
37
What is the remainder when 194 is divided by 94?
6
What is the remainder when 119 is divided by 20?
19
Calculate the remainder when 1179 is divided by 476.
227
What is the remainder when 486 is divided by 49?
45
What is the remainder when 404 is divided by 37?
34
What is the remainder when 236 is divided by 92?
52
Calculate the remainder when 114 is divided by 50.
14
What is the remainder when 2657 is divided by 140?
137
What is the remainder when 197 is divided by 20?
17
Calculate the remainder when 358 is divided by 75.
58
Calculate the remainder when 1119 is divided by 447.
225
Calculate the remainder when 220 is divided by 17.
16
What is the remainder when 168 is divided by 19?
16
Calculate the remainder when 14 is divided by 7.
0
Calculate the remainder when 497 is divided by 240.
17
What is the remainder when 17 is divided by 8?
1
What is the remainder when 2729 is divided by 15?
14
What is the remainder when 528 is divided by 173?
9
Calculate the remainder when 344 is divided by 89.
77
Calculate the remainder when 562 is divided by 268.
26
What is the remainder when 519 is divided by 173?
0
Calculate the remainder when 196 is divided by 25.
21
Calculate the remainder when 122 is divided by 21.
17
Calculate the remainder when 77 is divided by 18.
5
Calculate the remainder when 2930 is divided by 47.
16
Calculate the remainder when 9800 is divided by 27.
26
Calculate the remainder when 108 is divided by 16.
12
What is the remainder when 95 is divided by 72?
23
Calculate the remainder when 447 is divided by 50.
47
Calculate the remainder when 743 is divided by 126.
113
What is the remainder when 274 is divided by 94?
86
What is the remainder when 33483 is divided by 181?
179
What is the remainder when 4383 is divided by 487?
0
Calculate the remainder when 1987 is divided by 9.
7
What is the remainder when 983 is divided by 484?
15
Calculate the remainder when 327 is divided by 11.
8
What is the remainder when 8595 is divided by 25?
20
Calculate the remainder when 94 is divided by 90.
4
What is the remainder when 156 is divided by 51?
3
Calculate the remainder when 6473 is divided by 83.
82
Calculate the remainder when 1563 is divided by 27.
24
Calculate the remainder when 2138 is divided by 28.
10
What is the remainder when 44 is divided by 5?
4
What is the remainder when 42 is divided by 22?
20
What is the remainder when 220 is divided by 78?
64
Calculate the remainder when 3114 is divided by 174.
156
What is the remainder when 96 is divided by 61?
35
What is the remainder when 115 is divided by 14?
3
What is the remainder when 934 is divided by 310?
4
What is the remainder when 310 is divided by 109?
92
What is the remainder when 90 is divided by 17?
5
What is the remainder when 272 is divided by 6?
2
Calculate the remainder when 216 is divided by 37.
31
Calculate the remainder when 41 is divided by 26.
15
Calculate the remainder when 4796 is divided by 65.
51
Calculate the remainder when 544 is divided by 229.
86
What is the remainder when 233 is divided by 39?
38
What is the remainder when 156 is divided by 56?
44
What is the remainder when 110 is divided by 14?
12
Calculate the remainder when 1790 is divided by 128.
126
What is the remainder when 508 is divided by 86?
78
What is the remainder when 94 is divided by 71?
23
Calculate the remainder when 358 is divided by 90.
88
Calculate the remainder when 2392 is divided by 126.
124
What is the remainder when 986 is divided by 169?
141
Calculate the remainder when 38 is divided by 37.
1
What is the remainder when 2204 is divided by 18?
8
What is the remainder when 1152 is divided by 21?
18
Calculate the remainder when 1109 is divided by 74.
73
What is the remainder when 267 is divided by 54?
51
What is the remainder when 884 is divided by 55?
4
Calculate the remainder when 397 is divided by 35.
12
Calculate the remainder when 115 is divided by 51.
13
Calculate the remainder when 133 is divided by 9.
7
Calculate the remainder when 187 is divided by 8.
3
What is the remainder when 779 is divided by 26?
25
What is the remainder when 49 is divided by 3?
1
Calculate the remainder when 603 is divided by 62.
45
Calculate the remainder when 2151 is divided by 18.
9
What is the remainder when 71 is divided by 41?
30
Calculate the remainder when 2050 is divided by 205.
0
Calculate the remainder when 75 is divided by 4.
3
What is the remainder when 171 is divided by 55?
6
Calculate the remainder when 63 is divided by 49.
14
What is the remainder when 2420 is divided by 1?
0
What is the remainder when 397 is divided by 46?
29
Calculate the remainder when 1056 is divided by 259.
20
Calculate the remainder when 428 is divided by 50.
28
Calculate the remainder when 72 is divided by 44.
28
Calculate the remainder when 801 is divided by 272.
257
Calculate the remainder when 33 is divided by 5.
3
Calculate the remainder when 50 is divided by 18.
14
Calculate the remainder when 1663 is divided by 1626.
37
What is the remainder when 368 is divided by 126?
116
Calculate the remainder when 252 is divided by 85.
82
What is the remainder when 354 is divided by 45?
39
What is the remainder when 167 is divided by 127?
40
What is the remainder when 83 is divided by 10?
3
Calculate the remainder when 4732 is divided by 16.
12
Calculate the remainder when 1086 is divided by 99.
96
What is the remainder when 74 is divided by 11?
8
Calculate the remainder when 645 is divided by 11.
7
What is the remainder when 1137 is divided by 129?
105
Calculate the remainder when 2158 is divided by 163.
39
Calculate the remainder when 74 is divided by 5.
4
Calculate the remainder when 39 is divided by 7.
4
What is the remainder when 376 is divided by 78?
64
What is the remainder when 725 is divided by 142?
15
Calculate the remainder when 1593 is divided by 1589.
4
Calculate the remainder when 57 is divided by 17.
6
Calculate the remainder when 143 is divided by 44.
11
Calculate the remainder when 323 is divided by 191.
132
What is the remainder when 10839 is divided by 139?
136
Calculate the remainder when 72009 is divided by 95.
94
Calculate the remainder when 324 is divided by 107.
3
Calculate the remainder when 242 is divided by 46.
12
Calculate the remainder when 232 is divided by 83.
66
Calculate the remainder when 6383 is divided by 16.
15
What is the remainder when 75 is divided by 31?
13
Calculate the remainder when 6 is divided by 1.
0
What is the remainder when 816 is divided by 10?
6
Calculate the remainder when 1608 is divided by 46.
44
Calculate the remainder when 135 is divided by 34.
33
Calculate the remainder when 735 is divided by 92.
91
What is the remainder when 823 is divided by 25?
23
What is the remainder when 47 is divided by 7?
5
What is the remainder when 505 is divided by 133?
106
Calculate the remainder when 1161 is divided by 182.
69
Calculate the remainder when 1372 is divided by 32.
28
What is the remainder when 723 is divided by 33?
30
What is the remainder when 201 is divided by 41?
37
Calculate the remainder when 31 is divided by 8.
7
Calculate the remain